
{"id":25,"date":"2017-06-07T20:14:40","date_gmt":"2017-06-07T20:14:40","guid":{"rendered":"https:\/\/mrperez.expressions.syr.edu\/mexico\/?page_id=25"},"modified":"2018-10-12T18:48:17","modified_gmt":"2018-10-12T18:48:17","slug":"itinerary","status":"publish","type":"page","link":"https:\/\/mrperez.expressions.syr.edu\/mexico\/itinerary\/","title":{"rendered":"Itinerary"},"content":{"rendered":"<p>The course will be based in Mexico City&#8217;s <a href=\"https:\/\/youtu.be\/4VA35REpE-Y\" target=\"_blank\" rel=\"noopener\">Roma neighborhood<\/a> and will\u00a0include overnight trips to the states of Hidalgo and Yucat\u00e1n (<a href=\"https:\/\/www.forbes.com\/sites\/norawalsh\/2017\/11\/16\/a-guide-to-merida-mexico-10-reasons-to-visit-now\/#3215953379a4\" target=\"_blank\" rel=\"noopener\">M\u00e9rida<\/a>). Here\u00a0is a sampling of some places we will visit. Locations might change as meetings are still being scheduled with host organizations.<\/p>\n<ul>\n<li>UNESCO World Heritage Sites\n<ul>\n<li><a href=\"http:\/\/whc.unesco.org\/en\/list\/414\" target=\"_blank\" rel=\"noopener\">Teotihuac\u00e1n<\/a>, State of M\u00e9xico<\/li>\n<li><a href=\"http:\/\/whc.unesco.org\/en\/list\/483\" target=\"_blank\" rel=\"noopener\">Chich\u00e9n Itz\u00e1<\/a>, State of Yucat\u00e1n<\/li>\n<li><a href=\"http:\/\/whc.unesco.org\/en\/list\/412\" target=\"_blank\" rel=\"noopener\">Historic Downtown<\/a>, Mexico City<\/li>\n<li><a href=\"http:\/\/whc.unesco.org\/en\/list\/1250\" target=\"_blank\" rel=\"noopener\">Universidad Nacional Aut\u00f3noma de M\u00e9xico<\/a> (UNAM),\u00a0Mexico City<\/li>\n<\/ul>\n<\/li>\n<li>Museums\n<ul>\n<li><a href=\"https:\/\/youtu.be\/Dw2a3_h1QSA\" target=\"_blank\" rel=\"noopener\">La Casa Azul<\/a> (Frida Kahlo Museum), Coyoac\u00e1n Neighborhood in Mexico City<\/li>\n<li><a href=\"https:\/\/www.granmuseodelmundomaya.com.mx\/\" target=\"_blank\" rel=\"noopener\">Gran Museo del Mundo Maya de M\u00e9rida<\/a>, State of Yucat\u00e1n<\/li>\n<li><a href=\"https:\/\/www.facebook.com\/Museo-Conmemorativo-de-la-Inmigraci%C3%B3n-Coreana-a-Yucat%C3%A1n-153347068015960\/\" target=\"_blank\" rel=\"noopener\">Museo Conmemorativo de la Inmigraci\u00f3n Coreana<\/a> (Korean Immigration Museum),\u00a0State of Yucat\u00e1n<\/li>\n<\/ul>\n<\/li>\n<li>Walking Tours\n<ul>\n<li><a href=\"https:\/\/youtu.be\/JesBDolwEgY\" target=\"_blank\" rel=\"noopener\">Street Art Chilango<\/a>\u00a0(public art tour), Mexico City<\/li>\n<li><a href=\"https:\/\/youtu.be\/KCE778FIjo4\" target=\"_blank\" rel=\"noopener\">Tianguis El Chopo<\/a>\u00a0(open air market), Mexico City<\/li>\n<li><a href=\"https:\/\/youtu.be\/2r7QjjZGVyk\" target=\"_blank\" rel=\"noopener\">Templo Mayor<\/a>, Mexico City<\/li>\n<li><a href=\"https:\/\/youtu.be\/9FI2_jM5cvQ\" target=\"_blank\" rel=\"noopener\">Colonia Coyoac\u00e1n<\/a>, Mexico City<\/li>\n<\/ul>\n<\/li>\n<li>Organizations\n<ul>\n<li><a href=\"https:\/\/youtu.be\/7o2UXMFk7g0\" target=\"_blank\" rel=\"noopener\">American School Foundation<\/a>\u00a0(K-12 international school), Mexico City<\/li>\n<li><a href=\"http:\/\/www.sefaradi.edu.mx\/\" target=\"_blank\" rel=\"noopener\">Colegio Hebreo Sefarad\u00ed<\/a> (K-12 Jewish school), Mexico City<\/li>\n<li><a href=\"http:\/\/www.cdmigrante.org\/\" target=\"_blank\" rel=\"noopener\">Centro de los Derechos del Migrante<\/a>\u00a0(migrant rights organization), Mexico City<\/li>\n<li><a href=\"https:\/\/youtu.be\/QX0Yq0ESE2s\" target=\"_blank\" rel=\"noopener\">Casa Toch\u00e1n<\/a> (migrant shelter), Mexico City<\/li>\n<li><a href=\"http:\/\/www.uadyglobal.uady.mx\/en\/index.php?modulo=contenido&amp;id=143\" target=\"_blank\" rel=\"noopener\">Confucius Institute<\/a>\u00a0at the Autonomous University of Yucat\u00e1n, State of Yucat\u00e1n<\/li>\n<\/ul>\n<\/li>\n<li>Additional Sites\n<ul>\n<li><a href=\"http:\/\/www.ecoalberto.com.mx\/web\/caminata.php\" target=\"_blank\" rel=\"noopener\">Caminata Nocturna<\/a> (evening hike) at\u00a0Parque EcoAlberto, State of Hidalgo<\/li>\n<li><a href=\"https:\/\/youtu.be\/iB9kD9UaP2k\" target=\"_blank\" rel=\"noopener\">Cenotes in Homun<\/a>, Yucatan<\/li>\n<\/ul>\n<\/li>\n<li>Metropolitan Areas, Cities, Towns, &amp; Villages\n<ul>\n<li>Mexico City (numerous neighborhoods)<\/li>\n<li>Valley of Mexico, State of Mexico<\/li>\n<li>Pachuca, Hidalgo<\/li>\n<li>Ixmiquilpan, Hidalgo<\/li>\n<li>El Alberto, Hidalgo<\/li>\n<li>M\u00e9rida, Yucatan<\/li>\n<li>Tinum, Yucatan<\/li>\n<li>Hom\u00fan, Yucatan<\/li>\n<\/ul>\n<\/li>\n<\/ul>\n<p><strong>To apply to the course, go to the <a href=\"https:\/\/syr-sa.terradotta.com\/index.cfm?FuseAction=Programs.ViewProgram&amp;Program_ID=10434\" target=\"_blank\" rel=\"noopener\">SU Abroad page<\/a>.<\/strong><\/p>\n<p>&nbsp;<\/p>\n","protected":false},"excerpt":{"rendered":"<p>The course will be based in Mexico City&#8217;s Roma neighborhood and will\u00a0include overnight trips to the states of Hidalgo and Yucat\u00e1n (M\u00e9rida). Here\u00a0is a sampling of some places we will visit. Locations might change as meetings are still being scheduled with host organizations. UNESCO World Heritage Sites Teotihuac\u00e1n, State of M\u00e9xico Chich\u00e9n Itz\u00e1, State of&hellip;<\/p>\n","protected":false},"author":1,"featured_media":56,"parent":0,"menu_order":0,"comment_status":"closed","ping_status":"closed","template":"","meta":[],"_links":{"self":[{"href":"https:\/\/mrperez.expressions.syr.edu\/mexico\/wp-json\/wp\/v2\/pages\/25"}],"collection":[{"href":"https:\/\/mrperez.expressions.syr.edu\/mexico\/wp-json\/wp\/v2\/pages"}],"about":[{"href":"https:\/\/mrperez.expressions.syr.edu\/mexico\/wp-json\/wp\/v2\/types\/page"}],"author":[{"embeddable":true,"href":"https:\/\/mrperez.expressions.syr.edu\/mexico\/wp-json\/wp\/v2\/users\/1"}],"replies":[{"embeddable":true,"href":"https:\/\/mrperez.expressions.syr.edu\/mexico\/wp-json\/wp\/v2\/comments?post=25"}],"version-history":[{"count":25,"href":"https:\/\/mrperez.expressions.syr.edu\/mexico\/wp-json\/wp\/v2\/pages\/25\/revisions"}],"predecessor-version":[{"id":214,"href":"https:\/\/mrperez.expressions.syr.edu\/mexico\/wp-json\/wp\/v2\/pages\/25\/revisions\/214"}],"wp:featuredmedia":[{"embeddable":true,"href":"https:\/\/mrperez.expressions.syr.edu\/mexico\/wp-json\/wp\/v2\/media\/56"}],"wp:attachment":[{"href":"https:\/\/mrperez.expressions.syr.edu\/mexico\/wp-json\/wp\/v2\/media?parent=25"}],"curies":[{"name":"wp","href":"https:\/\/api.w.org\/{rel}","templated":true}]}}